-q**2 - 18*q - 6. What is the units digit of v(-9)?
5
What is the tens digit of -1 + -4 + 72 - -1*2?
6
Let v be (25/20)/((-2)/(-8)). Let h be v + (1 - 4)/3. Suppose 0 = h*f - 42 + 6. What is the units digit of f?
9
Suppose -2*r = 4*k + 2*r - 100, -2*r = 3*k - 76. What is the tens digit of k?
2
Let g = -17 + 35. What is the tens digit of g?
1
What is the tens digit of ((-104)/14)/((-8)/28)?
2
Let z be (1 + -9)/((-14)/35). Let g = z - 11. What is the units digit of g?
9
Suppose -p + 6 - 3 = 0. What is the units digit of 93/15 - p/15?
6
Let p(u) = 4*u**2 + 3*u - 1. Let j be p(4). Suppose -2*h + j = 3*h. What is the units digit of h?
5
Suppose g + 8 = -r, 4*r - 3*g - g = 0. Let c = 3 + r. Let f = 4 - c. What is the units digit of f?
5
Suppose 21 = 4*i + 5*s, i + 4*i + s = 0. What is the units digit of i*3 + (-95)/(-5)?
6
Let y(n) = -6*n - 13. What is the tens digit of y(-7)?
2
Let u(j) = 3*j**3 + 5*j**2 + 7*j - 9. Let k(m) = 2*m**3 + 3*m**2 + 4*m - 4. Let w(p) = 5*k(p) - 3*u(p). What is the units digit of w(0)?
7
Suppose u + f + 3*f = 18, 4*u = f + 4. Let z be 4 + 1/((-1)/1). What is the units digit of u + (3/z - 2)?
1
What is the tens digit of ((-1)/(2/(-33)))/((-50)/(-100))?
3
Let s be 69/2 + 2/4. Suppose s = -4*r + 9*r. What is the units digit of r?
7
Let f(m) = -7*m + 20. Let k(l) = 3*l - 10. Let c(h) = -2*f(h) - 5*k(h). What is the units digit of c(8)?
2
Let g(c) = 3 - c**3 - 2 + 6*c**2 - 5*c + 1. Let s be g(5). What is the units digit of s/(-3)*12/(-4)?
2
Suppose -2*s - s - 5*y = -299, 2*y + 457 = 5*s. What is the units digit of s?
3
Suppose -5*m - 100 = -5*x, 2*x + 17 = -3*m - 28. Let i = 31 + m. What is the units digit of i?
4
Suppose 4*p + 66 = 7*p. What is the tens digit of p?
2
Suppose 7*t - 3*t = 308. Suppose -t = -3*g + 4*r - 15, -105 = -5*g + 5*r. What is the units digit of g?
2
Suppose 3*o - 9 = 48. Suppose -j = -5*r - o, 1 = 5*r - 6*r. What is the tens digit of j?
1
Let m be (2 + 0)*(-12)/(-8). What is the units digit of 1 - ((m - 2) + -8)?
8
Let x be (-635)/(-20) + (-1)/(-4). Let f = 52 - x. What is the units digit of f?
0
Suppose 0 = -0*h - 12*h + 4440. What is the tens digit of h?
7
Let u be (4 + -4)/(-1 - 1). Suppose 0*g + 20 = g + 4*v, -5*g + 3*v + 54 = 0. Suppose -2*f + 2*h + 2*h = -g, u = f + 3*h - 1. What is the units digit of f?
4
What is the units digit of (8 - 3)/((-1)/(-67))?
5
Let n = -38 - -79. Let g = n - 13. What is the units digit of g?
8
Let b = -281 + 415. What is the units digit of b?
4
Suppose 2*z + 53 = 3*v + 2*v, z = 4*v - 43. Suppose 4*c = v + 1. What is the units digit of c?
3
Let m(b) = 3*b**3 + b. Let s be m(1). Suppose -5*z = -g + 32, -3*z + 62 = s*g - z. What is the tens digit of g?
1
Suppose 17*n - 329 = 351. What is the units digit of n?
0
Let c(k) = -1 + 3*k**2 - 8*k + 5*k + 1 + k**3. What is the units digit of c(-3)?
9
Let r be (-2 + 1)/(1/9). Suppose 0*s - 2*s + 19 = -5*m, 0 = 5*m + 5*s + 40. Let w = m - r. What is the units digit of w?
4
Let r(m) = 36*m - 15. What is the hundreds digit of r(4)?
1
Let z = -1 - -71. What is the units digit of z?
0
What is the tens digit of 31/2 - 12/8?
1
What is the units digit of 11/55 - (-128)/10?
3
Suppose -20 = -5*k + 5*c, -2*k + c = 5*c + 10. Let v be k/(-4) + 2/8. Suppose v = -q - 2*q - 3*p + 6, 0 = 2*q - p - 10. What is the units digit of q?
4
Suppose 0*m = -2*m + 28. Suppose 4*s - 58 = -m. What is the units digit of s?
1
Suppose 5*n - 31 = -2*m, 4*m = -m + n + 118. What is the units digit of m?
3
Let y = 2 - -4. What is the units digit of -3*((-26)/y + 1)?
0
Let d(m) = 52*m**2 + 2*m + 2. What is the units digit of d(-1)?
2
Let t(c) = -1 + 1 + c - 3. Let q be t(7). Suppose 0 = 3*l - 14 - q. What is the units digit of l?
6
Suppose -10*k - 398 = -5*o - 13*k, 20 = -5*k. What is the tens digit of o?
8
Let l be ((-8)/(-20) - 0)*15. What is the units digit of (6/9)/(l/324)?
6
What is the units digit of 6 - 0 - (0 + 0)?
6
What is the units digit of 9/(-6) + (-27)/(-6)?
3
Let f(j) = -j**3 - 7*j**2 + 9*j + 8. Let g be f(-8). Let o be (g/(-1))/(2 - 1). Suppose -5*y + z + 41 = o, 5*z = 3*z - 2. What is the units digit of y?
8
Let t(z) = -z - 1. Let m be t(3). Let r be m/14 - (-78)/(-21). What is the units digit of (-35)/r + 1/4?
9
Let x(i) = 1 - 2*i**2 - 4*i**2 + 4*i**2 - i**3. What is the units digit of x(-3)?
0
Suppose 5*s - 70 = -5*f + 60, 0 = -3*s - 2*f + 79. What is the tens digit of s?
2
Let s be -6 + 7 + (1 - -2). Let k(g) = -g**3 + 5*g**2 - 3*g - 3. Let u be k(s). What is the units digit of ((-5)/(-2))/(u/2)?
5
Let u(i) = 2*i + 3. Let q = 16 - 12. What is the units digit of u(q)?
1
Let c = 309 - 116. What is the tens digit of c?
9
What is the tens digit of (-9 - 204/30)/((-1)/5)?
7
Let a(s) = s**3 + 5*s**2 + 3*s. Suppose -w + 1 = -2*b, 5*b - 19 - 6 = 0. Let o be w/(-3) - 8/(-12). What is the units digit of a(o)?
9
Let v(d) = d**2 + 7*d + 8. Let z be v(-7). Suppose c - z - 4 = 0. Suppose 0*f - 4*f = c, -f + 41 = 4*b. What is the units digit of b?
1
Let i be (-1)/2 + 390/12. Suppose -i = -4*c + 4. What is the units digit of c?
9
Let p(n) be the third derivative of -n**5/60 - n**4/12 - n**3/3 - 2*n**2. Let b be p(-3). What is the units digit of b/((0 + -1)*1)?
5
Let u(t) = t + 2. Let b(h) = h + 2. Let g(y) = -4*b(y) + 3*u(y). Let l be g(-2). Suppose l = 2*j - 5 - 11. What is the units digit of j?
8
Let u(b) = -b**3 - 10*b**2 + 12*b + 14. Let d be u(-11). Let t = 1 + d. What is the units digit of t?
4
Let i(v) = 2*v - 98. Let r be i(0). What is the units digit of (-5)/40 + r/(-16)?
6
Let x be (-4)/(-18) + (-8)/36. Suppose -l + 26 = -x*l. What is the units digit of l?
6
Suppose 3*c - 6*j + 4*j = 116, j = 3*c - 112. Suppose 4*i - 48 - c = 0. What is the tens digit of i?
2
What is the tens digit of 6/(-10)*(13 + -683)?
0
Let y(v) = 1. Let u(a) = -a**2 + 3*a + 6. Let z(i) = -u(i) + 3*y(i). What is the units digit of z(6)?
5
Let g be (-2)/6 - 14/(-6). Let p be (-6)/(0 + (-3)/g). Suppose p - 16 = -4*d. What is the units digit of d?
3
Suppose -3*s = t - 6*s - 131, -2*t = -3*s - 253. What is the tens digit of t?
2
Let d(j) = j**3 + j**2 - 4*j - 6. Let p be d(-3). What is the tens digit of (2 - (-64)/p)*-3?
1
Let l(r) = -3*r - r**2 + r**3 + 4*r + 3*r**3 - 3*r**3. Let h(t) = 6*t**3 - 6*t**2 + 3*t. Let f(s) = h(s) - 3*l(s). What is the units digit of f(2)?
2
Let f(i) = i**3 + 11*i**2 + 3*i + 2. Let s be f(-11). Let l = -3 + -44. Let k = s - l. What is the tens digit of k?
1
Let w(x) = x**2 - 6*x + 7. Let o be w(5). Let s be o - (-7 - (-2 - -2)). Let l(b) = -b**2 + 11*b - 11. What is the units digit of l(s)?
7
Suppose -13*u + 284 = -9*u. Let h = -40 + u. What is the tens digit of h?
3
Let n(c) = c**3 - 8*c**2 - c + 3. Let j be n(8). Let t be 3/18 - j/6. What is the units digit of (0 - -15)*t/3?
5
Let y(h) be the first derivative of h**4/4 - 7*h**3/3 + 7*h**2/2 + 6*h - 3. What is the tens digit of y(6)?
1
Let z be (26 - -1)*5/15. Suppose -2*q = q - z. Let x = q - 0. What is the units digit of x?
3
Let u(o) = 2*o**2 - 8*o - 13. What is the units digit of u(7)?
9
Let g(m) = m**3 - 2*m**2 + m + 1. Let x be g(2). Suppose 5*t - 14 = -q, 4*q + x*t = -6 + 79. What is the tens digit of q?
1
What is the units digit of (3 + -1)*82/4?
1
What is the units digit of 12/(-8)*(-4)/6?
1
Let p = 17 + 3. Suppose 7*t - p = 3*t. Suppose -3*a + 2*a + t = 0. What is the units digit of a?
5
Suppose h + 2*h = 6. What is the units digit of 2/(-1)*(-1)/h?
1
Let c(k) = 2*k - 4. Let p be c(5). Let z(o) = o**2 - 4*o + 2. Let j be z(p). Suppose -j = -4*i + 2*i. What is the units digit of i?
7
Let b be (21/6)/((-1)/(-2)). Suppose 14 = 3*l - b. What is the units digit of l?
7
Suppose -5*p + 2*p = 0. Suppose 7 = -p*i + i. Let s = i + 2. What is the units digit of s?
9
Let p(z) = 4*z + 8. Let t be p(-6). Let c = -11 + t. What is the units digit of (-2)/4 - c/6?
4
Let t(w) = -4*w - 6. What is the tens digit of t(-9)?
3
Suppose 5*o + 0 = -30. Let m(g) = -2*g + g**3 + 20 - 6*g**2 - 29 - 2*g**3. What is the units digit of m(o)?
3
Let a(z) = -z**3 - 10*z**2 + 3. Let t be a(-10). Suppose -3 = -3*d + t. Suppose -d*k + 25 = 5*r, -4*r - 10 = -5*k - 63. What is the units digit of r?
7
Suppose -l = -5, -l + 46 = -2*c + 15. Let a = 23 + c. What is the tens digit of a?
1
What is the tens digit of -4 - ((-6)/8 + 3536/(-64